le of 3927?
False
Is 493466640 a multiple of 24?
True
Is 1856 a factor of 5323008?
True
Does 7 divide 20826036?
True
Is 987 a factor of 2920643544?
True
Does 527 divide 170210344?
False
Does 586 divide 6894876?
True
Is 522734682 a multiple of 2822?
False
Is 29 a factor of 48332589?
True
Is 62675626 a multiple of 13?
True
Is 79576740 a multiple of 90?
True
Is 1307 a factor of 7586087?
False
Does 9 divide 64679544?
True
Does 53 divide 91444299?
False
Is 3839643 a multiple of 91?
False
Is 20110948 a multiple of 23?
False
Is 234906978 a multiple of 5276?
False
Is 133177798 a multiple of 88?
False
Is 29 a factor of 46276982?
True
Does 9 divide 2188877706?
True
Is 891288099 a multiple of 31?
True
Is 12 a factor of 57154644?
True
Does 2915 divide 448055928?
False
Is 333869640 a multiple of 7878?
True
Does 4 divide 285852752?
True
Does 8 divide 93301881?
False
Is 2290 a factor of 46275327?
False
Is 68223935 a multiple of 13?
True
Is 285 a factor of 24765371?
False
Is 363722310 a multiple of 238?
True
Is 1477783560 a multiple of 66?
True
Is 104 a factor of 736395467?
False
Is 564 a factor of 404617153?
False
Does 41 divide 38442789?
True
Is 357894067 a multiple of 136?
False
Is 341 a factor of 1687154106?
True
Does 111 divide 1975605?
False
Does 6032 divide 783382971?
False
Does 2454 divide 2000932704?
True
Is 15006566 a multiple of 2344?
False
Is 63 a factor of 29732409?
True
Does 6 divide 76447385?
False
Is 11873 a factor of 492966960?
True
Does 529 divide 1303613197?
False
Is 128477409 a multiple of 23?
False
Is 784 a factor of 863867304?
False
Is 16 a factor of 3949634032?
True
Is 11543452 a multiple of 54?
False
Is 223 a factor of 2715558?
False
Is 72770698 a multiple of 223?
True
Does 512 divide 333470819?
False
Does 13 divide 155274399?
False
Is 14157179 a multiple of 13?
False
Is 297429520 a multiple of 56?
False
Is 5041 a factor of 925946003?
True
Does 19 divide 5090404?
True
Does 48 divide 35307384?
False
Is 870922988 a multiple of 52?
True
Does 1467 divide 674243366?
False
Is 188099568 a multiple of 451?
False
Is 364876416 a multiple of 1692?
True
Is 1615170666 a multiple of 117?
False
Does 2098 divide 7224486726?
False
Does 58 divide 27899682?
True
Does 28 divide 7632876?
False
Is 47910211 a multiple of 24?
False
Is 22886280 a multiple of 821?
False
Does 20 divide 2003912120?
True
Is 445 a factor of 5159583?
False
Does 155 divide 314796572?
False
Is 45452686 a multiple of 769?
False
Is 12758025 a multiple of 53?
False
Does 60 divide 361081412?
False
Does 22 divide 36561691?
False
Is 610 a factor of 5727900?
True
Is 11 a factor of 68838286?
True
Is 325 a factor of 186655625?
True
Is 273547730 a multiple of 1049?
True
Does 7 divide 291724160?
True
Is 6917885 a multiple of 71?
True
Is 220 a factor of 502518500?
True
Is 32630814 a multiple of 70?
False
Does 160 divide 234007951?
False
Is 566308971 a multiple of 813?
True
Does 3009 divide 113902981?
False
Is 125211688 a multiple of 8?
True
Does 1592 divide 47662888?
True
Does 142 divide 311122?
True
Is 116464959 a multiple of 10?
False
Is 1210784 a multiple of 20?
False
Is 35155155 a multiple of 24?
False
Is 2156 a factor of 150967432?
True
Does 1469 divide 1461339214?
False
Is 988 a factor of 465007140?
True
Does 5 divide 1263494635?
True
Does 3719 divide 111514614?
False
Does 12 divide 139262767?
False
Does 3 divide 157887550?
False
Does 17 divide 192692620?
True
Is 21 a factor of 87299142?
True
Is 3649620 a multiple of 4679?
True
Is 1251 a factor of 21978733?
False
Does 9 divide 50003532?
True
Is 52247566 a multiple of 919?
False
Does 300 divide 45661651?
False
Is 168682184 a multiple of 44?
True
Is 4 a factor of 254563224?
True
Does 339 divide 172950681?
True
Is 172873996 a multiple of 4?
True
Is 43 a factor of 133336293?
False
Is 368711586 a multiple of 67?
True
Does 112 divide 2984151710?
False
Does 2432 divide 20323749?
False
Is 201 a factor of 1865711949?
True
Is 31 a factor of 584129156?
True
Is 241 a factor of 237276092?
False
Is 3 a factor of 20976159?
True
Is 142165743 a multiple of 29?
True
Is 144 a factor of 96565392?
True
Does 41 divide 220508831?
False
Is 727954531 a multiple of 1541?
True
Is 6 a factor of 77044303?
False
Does 272 divide 25183994?
False
Does 424 divide 23084116?
False
Is 779012689 a multiple of 1948?
False
Does 40 divide 402245637?
False
Is 76 a factor of 10982760?
True
Does 78 divide 4994645?
False
Does 423 divide 3815037?
True
Is 1637 a factor of 1203041122?
True
Does 466 divide 17366382?
False
Is 29 a factor of 2045771?
False
Is 1319 a factor of 509098864?
False
Is 86955031 a multiple of 31?
True
Is 44388648 a multiple of 108?
True
Is 49 a factor of 3463269?
False
Is 805862832 a multiple of 2153?
False
Does 18 divide 30255049?
False
Is 54 a factor of 61183836?
True
Does 257 divide 4280078?
True
Is 9306007 a multiple of 23?
True
Does 171 divide 142650765?
True
Is 14 a factor of 1197133?
False
Does 6 divide 295473523?
False
Is 18301900 a multiple of 14?
False
Is 17287380 a multiple of 110?
True
Is 197384619 a multiple of 3?
True
Is 899 a factor of 177822200?
True
Is 14 a factor of 3846501346?
False
Does 3626 divide 203120768?
False
Does 1032 divide 1816515048?
True
Is 107 a factor of 17031511?
True
Does 2598 divide 14408900?
False
Does 414 divide 202601308?
False
Is 4548605055 a multiple of 142?
False
Is 57 a factor of 2094441168?
False
Does 87 divide 1343735520?
False
Is 615358013 a multiple of 995?
False
Is 5346455196 a multiple of 58?
True
Is 17802401 a multiple of 31?
True
Does 77 divide 141247578?
False
Does 10 divide 437316486?
False
Is 742 a factor of 30105908?
True
Is 740 a factor of 5225181440?
True
Is 1368 a factor of 411015216?
False
Is 1728 a factor of 1267897536?
True
Is 73107463 a multiple of 793?
True
Is 232 a factor of 17350635?
False
Is 479 a factor of 133220917?
True
Does 281 divide 32368227?
False
Is 43641578 a multiple of 106?
True
Does 742 divide 343885836?
True
Is 24918087 a multiple of 102?
False
Does 154 divide 21959496?
False
Is 26 a factor of 117100799?
False
Is 23 a factor of 16685115?
False
Does 11 divide 63754905?
False
Is 78057864 a multiple of 148?
True
Does 5 divide 16919741?
False
Does 33 divide 4357914?
True
Does 130 divide 2566862?
False
Does 23 divide 247039750?
False
Is 26 a factor of 127947361?
False
Does 94 divide 257611042?
True
Is 105030935 a multiple of 41?
False
Is 10922283 a multiple of 453?
True
Is 337920646 a multiple of 14?
True
Is 333366325 a multiple of 25?
True
Does 142 divide 3853754006?
False
Is 137708228 a multiple of 518?
True
Does 34 divide 2482506?
False
Is 3169209624 a multiple of 7?
True
Is 79 a factor of 8131786?
True
Is 76575052 a multiple of 779?
False
Is 55 a factor of 308159393?
False
Is 102477438 a multiple of 40?
False
Does 479 divide 11113277?
False
Does 1597 divide 3193016?
False
Is 36 a factor of 24919990?
False
Is 28 a factor of 140962780?
True
Is 2182 a factor of 2180751896?
True
Is 50 a factor of 40267369?
False
Is 17 a factor of 22366815?
True
Does 160 divide 1366320272?
False
Does 55 divide 17801520?
True
Does 314 divide 430779426?
True
Does 5 divide 603503945?
True
Is 4667546 a multiple of 811?
False
Is 104 a factor of 383789744?
True
Does 8666 divide 569122218?
True
Is 149429368 a multiple of 368?
False
Is 77 a factor of 2176647?
False
Is 19797302 a multiple of 2?
True
Is 1052700597 a multiple of 2301?
True
Is 880 a factor of 107360880?
True
Does 43 divide 788898437?
False
Is 78758545 a multiple of 149?
False
Is 5553 a factor of 1582183734?
False
Is 95029973 a multiple of 2889?
False
Is 634 a factor of 24061071?
False
Does 5 divide 1612060915?
True
Is 500 a factor of 276114076?
False
Is 4751163 a multiple of 9?
True
Is 20 a factor of 268573880?
True
Is 175752584 a multiple of 532?
True
Does 153 divide 22207595?
False
Is 123257046 a multiple of 5680?
False
Does 409 divide 5341949?
True
Is 44 a factor of 327928015?
False
Does 3676 divide 965887380?
True
Is 628 a factor of 61824716?
True
Is 336696888 a multiple of 1013?
True
Is 80 a factor of 99496160?
True
Does 5 divide 55524226?
False
Is 299 a factor of 367989050?
False
Does 14 divide 13233752?
True
Is 18 a factor of 702906778?
False
Is 22 a factor of 793214195?
False
Does 54 divide 37247929?
False
Does 39 divide 46962474?
True
Is 909